-h**3 + 10*h**2 - 4*h - 1. Suppose 3*y + 20 = 5*q + 4*y, 0 = 3*q - 3*y - 12. Is s(q) a composite number?
False
Suppose 3*n = 4*a + 3433, -2857 = -4*n - 2*a + 1757. Is n a prime number?
True
Let j(x) = 33*x**2 - 3*x - 2. Is j(-1) prime?
False
Suppose 1 - 21 = -j. Let i = -8 - -12. Suppose 0 = 5*w + 25, -i*w = q - 9 - j. Is q a composite number?
True
Let v(t) = 5 + t**2 + 4*t + 3*t - 4*t. Let m be 2/(-6) - (-196)/21. Is v(m) a composite number?
False
Suppose -17*a = -18*a + 1145. Is a prime?
False
Let x = -15 + -2. Let a = x + 64. Is a + (3 + -2)*2 composite?
True
Let v be 682/5 + (-14)/35. Suppose v = 2*c - 130. Is c a composite number?
True
Suppose 7839 - 1979 = 4*w. Is w a composite number?
True
Let c(u) = -u**3 - 3*u**2 + 4*u + 4. Let v be c(-4). Suppose 0 = 5*i - 2*n - 9, 0 = -3*i + v*n + n - 6. Is i a composite number?
False
Let l be ((-5 - -3) + 3)*-183. Let q = -128 - l. Is q a prime number?
False
Let v(l) = -l**2 + 8*l - 7. Let y be v(6). Suppose -h = 3*h + 4*f - 1044, -y*h - 2*f = -1311. Is h prime?
True
Let j(b) = -b**3 - 4*b**2 - 4*b - 3. Let r be j(-3). Suppose r = -0*m - m + 467. Is m a composite number?
False
Let z be (2658/(-10))/((-2)/10). Suppose -5*s - 2*a + z = 0, 0*a - 3*a = -6. Is s a composite number?
True
Suppose 4*y + 4*y - 21880 = 0. Is y a composite number?
True
Let w = 264 - -443. Is w prime?
False
Let p(u) = 426*u + 19. Is p(10) composite?
True
Let c be (1 - 1)*(2 - 3). Is (-1)/(c - (-2)/(-106)) composite?
False
Let v(r) = 7*r**2 - 15*r + 7. Let d(a) = 4*a**2 - 7*a + 3. Let g(f) = 9*d(f) - 4*v(f). Is g(-2) prime?
True
Suppose -4*m + 151 + 46 = -5*r, -2*m + 100 = -2*r. Is m prime?
True
Suppose -5*s - 2*c + 595 = 3*c, 3*s + 5*c - 357 = 0. Is s composite?
True
Let z(s) = -s + 4. Let d be z(6). Let h(i) be the first derivative of -24*i**2 + i + 10. Is h(d) composite?
False
Let b(z) = 1. Let u(v) = v - 2. Let y(n) = -b(n) - u(n). Let t be y(0). Is (t*-2)/(3/(-15)) a prime number?
False
Let o = -959 - -1516. Is o prime?
True
Let q(x) = 5*x - 9. Let r(n) = n**3 - 9*n**2 + n - 5. Let c be r(9). Suppose -o + 14 + 12 = 4*h, o + 14 = c*h. Is q(o) a prime number?
False
Let b(v) = 2*v**2 - 25*v + 52. Is b(15) a composite number?
False
Let j(p) = 7*p**2 - p + 5. Let b(h) = 6*h**2 - h + 6. Let i(g) = -5*b(g) + 6*j(g). Is i(-1) composite?
False
Let c(v) = -v**2 + 22*v - 6. Is c(9) a prime number?
False
Let o = -8 + 11. Suppose -4*b = 2*c + 180, -3*c - 45 = o*b - 2*b. Let x = -14 - b. Is x a prime number?
True
Let b = 1 + 1. Suppose 0 = -2*w - 4. Is (77 - b) + (0 - w) prime?
False
Let m(w) = -w**2 + 4*w - 2. Let z be m(2). Let k(o) = -6 + 3 + 2*o**2 + 14*o**z + 3*o. Is k(2) prime?
True
Let i(h) = -3*h**3 - 4*h**2 + 4. Let g be 1/4 + 28/16. Suppose g*c + 6 = -0*c. Is i(c) a prime number?
False
Let i(f) = -f + 7. Let x be i(3). Suppose x*c - c - 520 = -4*y, -488 = -4*y + 5*c. Is y a composite number?
False
Suppose -4*r = 3*t - 1, 0 = 2*t + r - 2*r - 19. Let k = -8 + t. Is k/(3/(-222)*2) prime?
True
Suppose 0 = 5*b - 2*g - 14, -2*g - 8 = -b - b. Suppose -b*f - 52 = -170. Is f a prime number?
True
Suppose 0 = -3*q - 2*k + 91 + 1038, k = 3*q - 1132. Let z = -250 + q. Is z composite?
False
Suppose 4 = 4*j - v - 0, -j - 18 = -5*v. Suppose 8 = 3*f - f, -j*f + 67 = x. Suppose 2*y + 36 = 2*o, 3*o + 0*y - 4*y = x. Is o composite?
False
Suppose 0 = -6*a + 10*a - 1172. Is a composite?
False
Suppose 2 = d - 2. Suppose 781 = d*n - 735. Is n a composite number?
False
Let t = -4 - -4. Suppose 0 = 3*l + 2*v - 2, -4*l + 4 = v + 3*v. Suppose -19 = -x + 5*p, 2*x + l*p + 3*p - 77 = t. Is x a composite number?
True
Let j be ((-6)/4)/(3/(-16)). Suppose -4*h - j = 4*o, 3*o - 2*o + 4*h = -8. Suppose o = 4*v - 75 - 73. Is v prime?
True
Is -2 - ((-18)/(-12) + 28962/(-4)) a prime number?
True
Suppose l + 2*a - 14 = -2, 4*l = 5*a - 17. Suppose -6 = d + l. Is (-598)/d - (-6)/(-8) a composite number?
True
Let k be (2 - 2)*2/2. Suppose k*u - 3 = -u. Suppose -u*q - 5*d = -274, 103 = -0*q + q + 4*d. Is q a prime number?
True
Let v be (15/(-6))/(2/(-44)). Let y = v + 27. Suppose -3*z + 29 + y = 0. Is z a composite number?
False
Is 235 - 0/(-6 - -1) prime?
False
Let r be (0/(-4))/(1 - 0). Suppose r*d + 3*d - 84 = 0. Suppose -4*x + 72 = -d. Is x a composite number?
True
Let f be (-3 - -2) + (6 - 2). Let p = 8 - f. Suppose -7*s = -p*s - 98. Is s a composite number?
True
Is 633/(-6)*(-10)/5 a prime number?
True
Let b(k) = -4*k**2 + 6*k - 1. Let i be b(-5). Let u = -64 - i. Is u prime?
True
Let k(o) = -o**3 + 4*o**2 + 2*o - 5. Let q be k(4). Suppose 4*u = -22 + 154. Suppose 0 = 5*d + 5*c - 85, -q*c = d - 4*d + u. Is d prime?
False
Let h be (-30)/(-4)*12/10. Suppose -f + h = -10. Is f a prime number?
True
Suppose 2*j - 15 = -j. Suppose -j*d + 5*a + 204 = -36, 2*d - 90 = -a. Is d a prime number?
False
Let t = 75 + 1334. Is t composite?
False
Let t(s) be the second derivative of -s**5/20 - 5*s**4/12 + s**3/6 - 2*s**2 + s. Suppose 21 = -4*f - 3*z, 2*z + 23 = -4*f + z. Is t(f) a prime number?
False
Let i be 3*(0 + 2/2). Is (-61)/(-3) - 4/i composite?
False
Suppose -4 = -4*p + 4. Suppose 6*s = p*s - 392. Is 1/5 - s/10 a prime number?
False
Suppose 0 = -4*y + 1463 + 173. Is y a prime number?
True
Let m be 36*(13/3 + -1). Let d = 1 - -5. Suppose 205 = d*a - 4*a + 5*l, m = a - l. Is a prime?
False
Suppose 15 + 21 = 4*t. Is (-4)/18 + 1469/t composite?
False
Let f = -115 + 68. Let u = -26 - f. Is u composite?
True
Suppose 0*s - 5*r - 270 = s, -5*s = 5*r + 1410. Is (-2 - s/9)*3 a prime number?
True
Let p(c) = -2*c**2 - 6*c + 1. Let g be (4 + 2)*4/(-12). Let m(k) = 2*k**2 + 7*k - 1. Let t(o) = g*m(o) - 3*p(o). Is t(6) prime?
False
Let d be 4/18 + (-16)/(-9). Suppose 39 = d*k - 63. Is k prime?
False
Let p = 5 - 4. Let k(f) = 20*f**3 - 2*f + 1. Let y be k(p). Suppose -2*d - 10 - y = -3*g, -3*g = -d - 31. Is g composite?
False
Suppose 5*k - 79 = 5*a + 341, -2*k + 192 = 4*a. Let q = k + -49. Is q a prime number?
False
Suppose 5*a - 334 - 3861 = 0. Is a composite?
False
Is 3 - 1 - (7 + -3312 - 0) composite?
False
Is 2936 + (-6)/(3 - 5) composite?
False
Suppose 4*h - y = -3, -2*y = -5*h + 3*h. Is (-39)/h*(1 - 0) prime?
False
Suppose -3*w - 1061 = -i, 3*i = 2*i - 5*w + 1077. Is i prime?
False
Let c(y) = y**3 + y**2 - 19*y + 1. Let m be c(4). Let p(x) = 3*x**2 + 6*x + 6. Let q(g) = -4*g**2 - 5*g - 6. Let w(i) = -6*p(i) - 7*q(i). Is w(m) composite?
False
Let t = -55 + 33. Let f = 32 + t. Is f composite?
True
Let o be -1 + 4 - 177 - 1. Let k = o + 252. Is k prime?
False
Suppose 3*x - 3316 = 5*j, 5*x - 4*x = -3*j + 1082. Is x a composite number?
False
Suppose 0 = -f + 4*f + 6. Is f/5 - (-554)/10 a composite number?
True
Suppose -6242 = -4*u - 2*j, 4*u - 1922 = 4*j + 4302. Is u prime?
True
Let k(h) = -h**3 - h**2 + 3*h + 4. Let n be k(-9). Let g = n - 414. Is g a prime number?
True
Let r(j) = 4886*j - 27. Is r(2) a prime number?
False
Let p be (-233)/2*2/(-1). Let h = 32 - 30. Suppose 4*o = -4, y + 4*o - p = -h*y. Is y a composite number?
False
Let a(s) = 4*s - 2. Suppose 4*q - q = 2*o, -46 = -5*o - 4*q. Is a(o) a composite number?
True
Suppose 0 - 112 = -3*o + 2*z, -154 = -4*o - 2*z. Is o composite?
True
Suppose 4*w = 1058 + 114. Is w composite?
False
Suppose -5*x + 2*v = -18, -4*x - 4*v = -0*x + 8. Suppose -x*w - 9 - 11 = -5*o, o = -w - 3. Is o composite?
False
Suppose 0 = 9*r - 4*r - 40. Suppose 3*f + 5*l = r*f - 305, 3*f - 187 = 2*l. Is f prime?
False
Suppose 2 - 4 = -m. Suppose -3*g + 115 = m*g. Is g prime?
True
Let r(h) = -74*h. Let l be r(1). Let w = l + 139. Is w a composite number?
True
Suppose -2*v = v. Is (92 - (0 + 3)) + v a prime number?
True
Suppose 0 = -3*g - 4*i + 46, -i = g + 4 - 19. Suppose -5*w = -0*w - 20. Suppose g + 62 = w*p. Is p prime?
True
Suppose -r - 3*b - 5 = -0*r, -2*b = 3*r - 6. Suppose h + h = r. Is (2 + 0)*133/h a prime number?
False
Suppose 2*k - 2 = 0, -4*k = 3*w - 0*w - 4. Suppose -o = m - w*m - 94, -3*m = -3*o + 300. Is o composite?
False
Let v be -456*2/9*-3. Suppose d + 2*j - 173 - v = 0, -5*j - 1856 = -4*d. Is d a composite number?
True
Let n = 62 - 6. Suppose -n = -5*l + 119. Is l a composite number?
True
Let k(m) = -m + 3. Let o be k(2). Is 44 - 1*(2 - o) a prime number?
True
Let p(r) = 65*r**2 - 1. Is p(-2) a prime number?
False
Let f(v) = -v**2 + 5*v 